divided by 272.
9
Calculate the remainder when 789426 is divided by 71753.
143
What is the remainder when 32180 is divided by 32130?
50
Calculate the remainder when 87044 is divided by 10365.
4124
Calculate the remainder when 5409718 is divided by 1352428.
6
Calculate the remainder when 9997963 is divided by 1453.
1323
What is the remainder when 40720148 is divided by 1066?
14
What is the remainder when 6035140 is divided by 108?
100
Calculate the remainder when 111881 is divided by 105.
56
What is the remainder when 763367 is divided by 2200?
2167
What is the remainder when 13879206 is divided by 14?
12
What is the remainder when 367568 is divided by 367443?
125
What is the remainder when 4294882 is divided by 98?
32
Calculate the remainder when 781214 is divided by 577.
533
What is the remainder when 1377631 is divided by 416?
255
Calculate the remainder when 322414 is divided by 322035.
379
What is the remainder when 23068 is divided by 519?
232
Calculate the remainder when 76545 is divided by 448.
385
Calculate the remainder when 11693 is divided by 10225.
1468
What is the remainder when 93055453 is divided by 676?
673
Calculate the remainder when 23788028 is divided by 275.
253
Calculate the remainder when 2666262 is divided by 7110.
12
What is the remainder when 129261142 is divided by 1150?
1142
Calculate the remainder when 10305895 is divided by 180.
175
What is the remainder when 1096961 is divided by 360?
41
Calculate the remainder when 653390 is divided by 130.
10
What is the remainder when 944638 is divided by 1019?
25
What is the remainder when 483603644 is divided by 7?
6
Calculate the remainder when 185893 is divided by 508.
473
Calculate the remainder when 54165484 is divided by 154.
142
What is the remainder when 10096228 is divided by 42?
16
What is the remainder when 171180717 is divided by 1035?
1032
What is the remainder when 930160 is divided by 2269?
2139
Calculate the remainder when 14609 is divided by 7262.
85
Calculate the remainder when 7551054 is divided by 110.
104
What is the remainder when 580034 is divided by 144991?
70
What is the remainder when 122050 is divided by 30508?
18
Calculate the remainder when 1249371 is divided by 188.
111
Calculate the remainder when 3760522 is divided by 12.
10
What is the remainder when 4022203 is divided by 2986?
61
What is the remainder when 171177 is divided by 502?
497
What is the remainder when 49035495 is divided by 112?
103
Calculate the remainder when 21106444 is divided by 14.
2
Calculate the remainder when 27585033 is divided by 3.
0
Calculate the remainder when 102641 is divided by 25615.
181
Calculate the remainder when 2127088 is divided by 2894.
2892
What is the remainder when 105070 is divided by 4898?
2212
What is the remainder when 4378136 is divided by 208482?
14
Calculate the remainder when 433630 is divided by 27100.
30
What is the remainder when 16622428 is divided by 23478?
4
Calculate the remainder when 14943928 is divided by 3056.
88
What is the remainder when 126206 is divided by 2802?
116
Calculate the remainder when 80046049 is divided by 19.
18
What is the remainder when 957634204 is divided by 1731?
1729
What is the remainder when 1287085 is divided by 4647?
4513
Calculate the remainder when 411014974 is divided by 7036.
7034
What is the remainder when 2665683 is divided by 222140?
3
What is the remainder when 63070 is divided by 12564?
250
Calculate the remainder when 920750 is divided by 12788.
14
Calculate the remainder when 29504366 is divided by 1343.
1342
What is the remainder when 2669443 is divided by 4916?
55
Calculate the remainder when 8883423 is divided by 892.
887
Calculate the remainder when 1273888 is divided by 371.
245
What is the remainder when 467710054 is divided by 280?
14
Calculate the remainder when 127023 is divided by 31628.
511
What is the remainder when 56016614 is divided by 7097?
7090
What is the remainder when 475762 is divided by 1966?
1956
Calculate the remainder when 26961 is divided by 3701.
1054
Calculate the remainder when 50344 is divided by 16431.
1051
What is the remainder when 3374588 is divided by 843631?
64
What is the remainder when 112111913 is divided by 7?
4
What is the remainder when 7220223 is divided by 481345?
48
What is the remainder when 2304285 is divided by 2569?
2461
Calculate the remainder when 22789608 is divided by 25.
8
What is the remainder when 47780 is divided by 15746?
542
Calculate the remainder when 3058733 is divided by 12186.
47
What is the remainder when 2983181 is divided by 525?
131
What is the remainder when 25161004 is divided by 2328?
2308
What is the remainder when 15929 is divided by 7221?
1487
What is the remainder when 26252165 is divided by 2099?
2071
Calculate the remainder when 6314542 is divided by 12309.
25
Calculate the remainder when 2788323 is divided by 107195.
1253
What is the remainder when 124055172 is divided by 222?
18
Calculate the remainder when 1002316 is divided by 4247.
24
What is the remainder when 30139033 is divided by 1586264?
17
What is the remainder when 688267 is divided by 229417?
16
Calculate the remainder when 931407 is divided by 138.
45
What is the remainder when 43797 is divided by 43692?
105
What is the remainder when 497751 is divided by 25?
1
What is the remainder when 220322 is divided by 24459?
191
What is the remainder when 22203734 is divided by 72?
14
Calculate the remainder when 1182029 is divided by 9933.
2
Calculate the remainder when 760726 is divided by 362.
164
What is the remainder when 1203568 is divided by 729?
718
Calculate the remainder when 151008 is divided by 6520.
1048
Calculate the remainder when 1464731 is divided by 292946.
1
What is the remainder when 625125 is divided by 933?
15
Calculate the remainder when 2849645 is divided by 266.
253
What is the remainder when 1015168912 is divided by 507584451?
10
What is the remainder when 8361849 is divided by 119?
76
What is the remainder when 9069439 is divided by 57?
55
What is the remainder when 13801948 is divided by 6900970?
8
Calculate the remainder when 3083139 is divided by 134049.
12
Calculate the remainder when 626468 is divided by 125289.
23
What is the remainder when 71519 is divided by 448?
287
Calculate the remainder when 442700 is divided by 749.
41
What is the remainder when 112809618 is divided by 374?
372
What is the remainder when 277872 is divided by 69339?
516
Calculate the remainder when 334434 is divided by 224.
2
What is the remainder when 723615 is divided by 19?
0
Calculate the remainder when 2592212 is divided by 915.
17
Calculate the remainder when 1220385 is divided by 306.
57
Calculate the remainder when 4871210 is divided by 3226.
3176
What is the remainder when 139912 is divided by 7721?
934
Calculate the remainder when 4197957 is divided by 140.
57
What is the remainder when 183629 is divided by 275?
204
What is the remainder when 11102486 is divided by 204?
194
Calculate the remainder when 31408705 is divided by 46.
43
Calculate the remainder when 1034635 is divided by 24632.
91
What is the remainder when 4393765 is divided by 1464588?
1
What is the remainder when 1034848914 is divided by 70?
64
What is the remainder when 267501 is divided by 104?
13
Calculate the remainder when 128846 is divided by 14306.
92
Calculate the remainder when 5090400 is divided by 2545186.
28
What is the remainder when 706456 is divided by 141143?
741
Calculate the remainder when 50642935 is divided by 495.
475
Calculate the remainder when 62989 is divided by 508.
505
Calculate the remainder when 444660 is divided by 111156.
36
Calculate the remainder when 189986011 is divided by 394.
393
Calculate the remainder when 760921 is divided by 1378.
265
Calculate the remainder when 2104542 is divided by 526056.
318
What is the remainder when 28312 is divided by 1279?
174
What is the remainder when 7753 is divided by 442?
239
What is the remainder when 1057127 is divided by 34100?
27
What is the remainder when 12790028 is divided by 152?
140
What is the remainder when 21266487 is divided by 311?
307
Calculate the remainder when 3230287 is divided by 1615054.
179
Calculate the remainder when 278012 is divided by 4314.
1916
Calculate the remainder when 22167247 is div